ors of 42042034.
2, 607, 34631
List the prime factors of 529992679.
529992679
What are the prime factors of 864006655?
5, 1321, 130811
What are the prime factors of 59451794?
2, 29725897
What are the prime factors of 2648080407?
3, 7, 19, 41, 161873
What are the prime factors of 290560528?
2, 103, 157, 1123
List the prime factors of 164308495.
5, 13, 2527823
List the prime factors of 21800875.
5, 174407
What are the prime factors of 125658437?
3049, 41213
List the prime factors of 67136397.
3, 22378799
List the prime factors of 83811091.
7, 13, 921001
List the prime factors of 370279258.
2, 19, 211, 46181
List the prime factors of 2212923849.
3, 13873, 53171
List the prime factors of 144251682.
2, 3, 1901, 12647
What are the prime factors of 44049298?
2, 109, 202061
What are the prime factors of 107850040?
2, 5, 17, 199, 797
List the prime factors of 394582051.
179, 2204369
What are the prime factors of 285882506?
2, 7, 13, 17, 92399
List the prime factors of 6194965053.
3, 17, 121469903
What are the prime factors of 757040210?
2, 5, 59, 1283119
List the prime factors of 618121444.
2, 443, 348827
List the prime factors of 802615769.
43, 434081
List the prime factors of 455477889.
3, 17, 1861, 4799
What are the prime factors of 22064787?
3, 2451643
What are the prime factors of 123873106?
2, 7, 47, 79, 2383
List the prime factors of 1904714620.
2, 5, 95235731
What are the prime factors of 7694514?
2, 3, 47497
What are the prime factors of 42276933?
3, 67, 70111
What are the prime factors of 104376938?
2, 31, 151, 11149
List the prime factors of 879326361.
3, 1206209
What are the prime factors of 1035531305?
5, 1453, 142537
What are the prime factors of 76052403?
3, 7, 53, 22777
What are the prime factors of 54557222?
2, 139, 443
What are the prime factors of 17733159?
3, 17, 115903
List the prime factors of 5568569516.
2, 1392142379
List the prime factors of 7565353811.
103, 73450037
List the prime factors of 225757786.
2, 3761, 30013
List the prime factors of 3901370520.
2, 3, 5, 32511421
List the prime factors of 26338678.
2, 17, 774667
What are the prime factors of 102522870?
2, 3, 5, 1139143
What are the prime factors of 2813289514?
2, 7, 200949251
List the prime factors of 130494903.
3, 7, 11, 31, 18223
List the prime factors of 119379653.
43, 863, 3217
List the prime factors of 29174006.
2, 17, 19, 45161
List the prime factors of 61499379.
3, 281, 72953
List the prime factors of 46367795.
5, 163, 56893
List the prime factors of 1957412108.
2, 489353027
What are the prime factors of 455259595?
5, 7, 13007417
What are the prime factors of 93219583?
93219583
List the prime factors of 117353351.
3767, 31153
List the prime factors of 3956867848.
2, 5657, 87433
What are the prime factors of 72347099?
11, 37, 149, 1193
What are the prime factors of 360894958?
2, 43, 157, 26729
List the prime factors of 67991522.
2, 33995761
What are the prime factors of 13877100?
2, 3, 5, 17, 907
What are the prime factors of 43431512?
2, 61, 1459
List the prime factors of 1665434493.
3, 19, 3246461
What are the prime factors of 45353398?
2, 419, 54121
What are the prime factors of 107943049?
107943049
What are the prime factors of 836902257?
3, 31, 47, 191467
What are the prime factors of 7561243?
17, 239, 1861
List the prime factors of 38580227.
7, 5511461
List the prime factors of 301887203.
79, 151, 25307
List the prime factors of 10269519.
3, 13, 19, 13859
List the prime factors of 1390275501.
3, 167, 2775001
What are the prime factors of 110004943?
17, 6470879
List the prime factors of 2955672.
2, 3, 41051
List the prime factors of 1734257910.
2, 3, 5, 7, 11, 131, 521
What are the prime factors of 89277843?
3, 1949, 15269
What are the prime factors of 895733114?
2, 23, 97, 103, 1949
List the prime factors of 23103541.
41, 563501
List the prime factors of 6855697.
6855697
What are the prime factors of 193103770?
2, 5, 167, 115631
List the prime factors of 1423731199.
11, 19, 103, 66137
What are the prime factors of 291886181?
3779, 77239
What are the prime factors of 15702570?
2, 3, 5, 13, 13421
List the prime factors of 225061013.
41, 131, 41903
What are the prime factors of 15321421?
397, 38593
List the prime factors of 151456761.
3, 389, 43261
List the prime factors of 995472723.
3, 7, 17, 2788439
What are the prime factors of 6918537155?
5, 757, 823, 2221
List the prime factors of 30028743.
3, 643, 5189
List the prime factors of 1536371853.
3, 512123951
What are the prime factors of 47734625?
5, 37, 10321
List the prime factors of 50295941.
50295941
List the prime factors of 1065663339.
3, 13, 2357, 11593
List the prime factors of 1836451719.
3, 204050191
What are the prime factors of 523434352?
2, 7, 17, 421, 653
What are the prime factors of 288643828?
2, 11, 131, 50077
List the prime factors of 1022236282.
2, 17, 1433, 20981
What are the prime factors of 76202874?
2, 3, 11, 17, 22639
List the prime factors of 2080646239.
7, 297235177
List the prime factors of 166510245.
3, 5, 11, 1009153
List the prime factors of 268125694.
2, 47, 2852401
List the prime factors of 891036268.
2, 222759067
What are the prime factors of 594214177?
23, 727, 35537
List the prime factors of 12142116.
2, 3, 7, 16061
List the prime factors of 1049878643.
11, 31, 53, 5281
List the prime factors of 1293044427.
3, 167, 860309
List the prime factors of 758757383.
758757383
What are the prime factors of 87756466?
2, 7, 67, 93557
What are the prime factors of 3185033252?
2, 157, 5071709
What are the prime factors of 794449404?
2, 3, 7, 397, 2647
What are the prime factors of 5677310?
2, 5, 89, 6379
What are the prime factors of 55990155?
3, 5, 13, 29, 9901
What are the prime factors of 11828387?
71, 166597
What are the prime factors of 8504276932?
2, 853, 2492461
What are the prime factors of 33120264?
2, 3, 757, 1823
What are the prime factors of 386559760?
2, 5, 523, 9239
List the prime factors of 238556919.
3, 73, 613, 1777
List the prime factors of 1356223192.
2, 19, 8922521
What are the prime factors of 46067853?
3, 13, 71, 127, 131
List the prime factors of 7150236341.
293, 24403537
List the prime factors of 70379287.
11, 19, 23
List the prime factors of 1071929829.
3, 607, 588649
What are the prime factors of 2604286137?
3, 59, 14713481
List the prime factors of 834358046.
2, 199, 2096377
List the prime factors of 23840672.
2, 53, 14057
List the prime factors of 112318410.
2, 3, 5, 103, 163, 223
List the prime factors of 4269142317.
3, 11, 509, 254161
List the prime factors of 74514076.
2, 7, 13, 269, 761
What are the prime factors of 114619921?
13, 8816917
List the prime factors of 915946214.
2, 457973107
What are the prime factors of 971682541?
23, 79, 23251
List the prime factors of 194711126.
2, 19, 269683
List the prime factors of 7990987.
47, 170021
List the prime factors of 46441651.
73, 79, 8053
List the prime factors of 59400672.
2, 3, 433, 1429
What are the prime factors of 22562674?
2, 37, 304901
What are the prime factors of 903507983?
7, 10061, 12829
What are the prime factors of 779929670?
2, 5, 13, 19, 16619
What are the prime factors of 440217282?
2, 3, 73369547
What are the prime factors of 1616796890?
2, 5, 101, 1600789
What are the prime factors of 66261860?
2, 5, 7, 61, 7759
List the prime factors of 718118473.
13751, 52223
What are the prime factors of 4711756253?
139, 33897527
List the prime factors of 38352576.
2, 3, 199753
What are the prime factors of 166319371?
23, 31, 233267
What are the prime factors of 92220203?
29, 3180007
What are the prime factors of 872187421?
7, 37, 1187, 2837
List the prime factors of 1384145102.
2, 31, 743, 30047
What are the prime factors of 46646608?
2, 2915413
What are the prime factors of 156213312?
2, 3, 821, 991
What are the prime factors of 244222837?
4243, 57559
What are the prime factors of 276877673?
97, 359, 7951
List the prime factors of 48881740.
2, 5, 61, 103, 389
List the prime factors of 70668767.
13, 5436059
List the prime factors of 4933661382.
2, 3, 13, 257, 82039
What are the prime factors of 157257758?
2, 7, 71, 97, 233
What are the prime factors of 405787061?
17581, 23081
List the prime factors of 74355938.
2, 941, 39509
List the prime factors of 116960771.
53, 461, 4787
List the prime factors o